{"id":240,"date":"2023-08-05T02:31:33","date_gmt":"2023-08-05T05:31:33","guid":{"rendered":"https:\/\/duecozinhas.com.br\/site\/?post_type=product&#038;p=240"},"modified":"2026-02-04T12:06:21","modified_gmt":"2026-02-04T15:06:21","slug":"forno-miniconv-conveccao-pratica-classic-programavel","status":"publish","type":"product","link":"https:\/\/duecozinhas.com.br\/site\/produto\/forno-miniconv-conveccao-pratica-classic-programavel\/","title":{"rendered":"Forno Miniconv Convec\u00e7\u00e3o Pr\u00e1tica Classic Program\u00e1vel"},"content":{"rendered":"<p>O Forno Miniconv Pr\u00e1tica Tradicional oferece versatilidade e efici\u00eancia em um design compacto. Ideal para padarias, lanchonetes e estabelecimentos de alimentos em geral, este forno proporciona um desempenho excepcional no assamento e gratinamento de alimentos. Sua capacidade para acomodar diferentes bandejas permite preparar uma variedade de receitas ao mesmo tempo, otimizando a produ\u00e7\u00e3o e garantindo refei\u00e7\u00f5es saborosas em qualquer ocasi\u00e3o.<\/p>\n<p>Com um sistema de convec\u00e7\u00e3o que assegura a distribui\u00e7\u00e3o uniforme de calor, o Miniconv Pr\u00e1tica Tradicional garante resultados precisos e deliciosos em cada preparo. Sua constru\u00e7\u00e3o robusta e funcionalidade tornam-no uma solu\u00e7\u00e3o confi\u00e1vel para atender \u00e0s necessidades da sua cozinha.<\/p>\n<p>O Forno Miniconv Pr\u00e1tica Tradicional \u00e9 a escolha inteligente para elevar a qualidade dos seus assados e conquistar seus clientes com sabores irresist\u00edveis, tudo isso em um equipamento compacto e eficiente.<\/p>\n<p>Caracter\u00edsticas T\u00e9cnicas:<\/p>\n<p>Capacidade: 3 ou 5 assadeiras (vendido em modelos com diferentes capacidades)<br \/>\nTipo de G\u00e1s: GLP ou GN (vendido em modelos com diferentes tipos de g\u00e1s)<br \/>\nPot\u00eancia: 0,22 CV<br \/>\nVoltagem: 220V<br \/>\nDimens\u00f5es (Comprimento x Largura x Altura): Varia de acordo com o modelo escolhido<br \/>\nPeso: Varia de acordo com o modelo escolhido<\/p>\n","protected":false},"excerpt":{"rendered":"[embed]https:\/\/www.youtube.com\/watch?v=TQ-nYhGfEI0[\/embed]\n<p>Precis\u00e3o e Padroniza\u00e7\u00e3o em Suas Receitas<\/p>\n","protected":false},"featured_media":241,"comment_status":"closed","ping_status":"closed","template":"","meta":{"site-sidebar-layout":"default","site-content-layout":"default","ast-site-content-layout":"default","site-content-style":"default","site-sidebar-style":"default","ast-global-header-display":"","ast-banner-title-visibility":"","ast-main-header-display":"","ast-hfb-above-header-display":"","ast-hfb-below-header-display":"","ast-hfb-mobile-header-display":"","site-post-title":"","ast-breadcrumbs-content":"","ast-featured-img":"","footer-sml-layout":"","theme-transparent-header-meta":"default","adv-header-id-meta":"","stick-header-meta":"","header-above-stick-meta":"","header-main-stick-meta":"","header-below-stick-meta":"","astra-migrate-meta-layouts":"set","ast-page-background-enabled":"default","ast-page-background-meta":{"desktop":{"background-color":"var(--ast-global-color-4)","background-image":"","background-repeat":"repeat","background-position":"center center","background-size":"auto","background-attachment":"scroll","background-type":"","background-media":"","overlay-type":"","overlay-color":"","overlay-opacity":"","overlay-gradient":""},"tablet":{"background-color":"","background-image":"","background-repeat":"repeat","background-position":"center center","background-size":"auto","background-attachment":"scroll","background-type":"","background-media":"","overlay-type":"","overlay-color":"","overlay-opacity":"","overlay-gradient":""},"mobile":{"background-color":"","background-image":"","background-repeat":"repeat","background-position":"center center","background-size":"auto","background-attachment":"scroll","background-type":"","background-media":"","overlay-type":"","overlay-color":"","overlay-opacity":"","overlay-gradient":""}},"ast-content-background-meta":{"desktop":{"background-color":"var(--ast-global-color-5)","background-image":"","background-repeat":"repeat","background-position":"center center","background-size":"auto","background-attachment":"scroll","background-type":"","background-media":"","overlay-type":"","overlay-color":"","overlay-opacity":"","overlay-gradient":""},"tablet":{"background-color":"var(--ast-global-color-5)","background-image":"","background-repeat":"repeat","background-position":"center center","background-size":"auto","background-attachment":"scroll","background-type":"","background-media":"","overlay-type":"","overlay-color":"","overlay-opacity":"","overlay-gradient":""},"mobile":{"background-color":"var(--ast-global-color-5)","background-image":"","background-repeat":"repeat","background-position":"center center","background-size":"auto","background-attachment":"scroll","background-type":"","background-media":"","overlay-type":"","overlay-color":"","overlay-opacity":"","overlay-gradient":""}},"_joinchat":[]},"product_brand":[],"product_cat":[32],"product_tag":[],"class_list":{"0":"post-240","1":"product","2":"type-product","3":"status-publish","4":"has-post-thumbnail","6":"product_cat-speed-ovens","7":"desktop-align-left","8":"tablet-align-left","9":"mobile-align-left","11":"first","12":"instock","13":"sale","14":"shipping-taxable","15":"product-type-external"},"_links":{"self":[{"href":"https:\/\/duecozinhas.com.br\/site\/wp-json\/wp\/v2\/product\/240","targetHints":{"allow":["GET"]}}],"collection":[{"href":"https:\/\/duecozinhas.com.br\/site\/wp-json\/wp\/v2\/product"}],"about":[{"href":"https:\/\/duecozinhas.com.br\/site\/wp-json\/wp\/v2\/types\/product"}],"replies":[{"embeddable":true,"href":"https:\/\/duecozinhas.com.br\/site\/wp-json\/wp\/v2\/comments?post=240"}],"wp:featuredmedia":[{"embeddable":true,"href":"https:\/\/duecozinhas.com.br\/site\/wp-json\/wp\/v2\/media\/241"}],"wp:attachment":[{"href":"https:\/\/duecozinhas.com.br\/site\/wp-json\/wp\/v2\/media?parent=240"}],"wp:term":[{"taxonomy":"product_brand","embeddable":true,"href":"https:\/\/duecozinhas.com.br\/site\/wp-json\/wp\/v2\/product_brand?post=240"},{"taxonomy":"product_cat","embeddable":true,"href":"https:\/\/duecozinhas.com.br\/site\/wp-json\/wp\/v2\/product_cat?post=240"},{"taxonomy":"product_tag","embeddable":true,"href":"https:\/\/duecozinhas.com.br\/site\/wp-json\/wp\/v2\/product_tag?post=240"}],"curies":[{"name":"wp","href":"https:\/\/api.w.org\/{rel}","templated":true}]}}