{"id":314,"date":"2023-08-06T23:23:48","date_gmt":"2023-08-07T02:23:48","guid":{"rendered":"https:\/\/duecozinhas.com.br\/site\/?post_type=product&#038;p=314"},"modified":"2023-08-08T14:20:00","modified_gmt":"2023-08-08T17:20:00","slug":"refrigerador-vertical-inox-expositor-porta-vidro","status":"publish","type":"product","link":"https:\/\/duecozinhas.com.br\/site\/produto\/refrigerador-vertical-inox-expositor-porta-vidro\/","title":{"rendered":"Refrigerador Vertical Inox &#8211; Expositor Porta Vidro"},"content":{"rendered":"<div style=\"text-align: justify;\">\n<p>Nosso Expositor Vertical Porta de Vidro em a\u00e7o inox \u00e9 o equipamento perfeito para conservar e expor seus produtos e alimentos de forma eficiente e segura. Sua estrutura em a\u00e7o inox por dentro e por fora proporciona resist\u00eancia e durabilidade, garantindo uma higiene impec\u00e1vel e facilidade na limpeza.<\/p>\n<p>Com um sistema de evaporador em ar for\u00e7ado, o balc\u00e3o assegura uma distribui\u00e7\u00e3o uniforme de temperatura, evitando varia\u00e7\u00f5es indesejadas nos alimentos.O isolamento em poliuretano injetado tipo monobloco confere efici\u00eancia energ\u00e9tica, mantendo a temperatura interna est\u00e1vel e reduzindo o consumo de energia.<\/p>\n<p>A cabine com unidade condensadora oferece praticidade e agilidade no funcionamento, garantindo o pleno desempenho do balc\u00e3o em qualquer ambiente.<\/p>\n<p>Perfeito para padarias, restaurantes, lanchonetes e estabelecimentos de alimentos em geral, o Refrigerador Vertical tamb\u00e9m pode ser adquirido em sua vers\u00e3o 2 Portas verticais.<\/p>\n<p>Os vidros recebem tratamento t\u00e9rmico, em g\u00e1s herm\u00e9tico, vidros duplos, e opcional aquecido, para garantir uma perfeita exposi\u00e7\u00e3o dos produtos!<\/p>\n<p>Nossos equipamentos s\u00e3o refer\u00eancia em armazenamento de temperatura controlada, p\u00f3s-venda e assist\u00eancia continuado de verdade.<\/p>\n<p>A escolha certa para manter seus produtos frescos, preservando a qualidade e sabor por mais tempo.<\/p>\n<p>Caracter\u00edsticas T\u00e9cnicas:<\/p>\n<p>Resfriados<br \/>\nMaterial Interno e Externo: A\u00e7o Inox<br \/>\nSistema de Refrigera\u00e7\u00e3o: Evaporador em Ar For\u00e7ado<br \/>\nIsolamento: Poliuretano Injetado Tipo Monobloco<br \/>\nVoltagem: 220V<br \/>\nDimens\u00f5es 01 porta (Comprimento x Largura x Altura): 0,70 x 0,70 x 2,00m<br \/>\nDimens\u00f5es 02 portas (Comprimento x Largura x Altura): 1,30 x 0,70 x 2,00m<br \/>\nPeso: 72 Kg \/ 128kg<\/p>\n<p>Op\u00e7\u00e3o 01 ou 02 portas verticais<\/p>\n<\/div>\n","protected":false},"excerpt":{"rendered":"<p>Efici\u00eancia em Conserva\u00e7\u00e3o, e Perfeita Exposi\u00e7\u00e3o<\/p>\n","protected":false},"featured_media":315,"comment_status":"closed","ping_status":"closed","template":"","meta":{"site-sidebar-layout":"default","site-content-layout":"default","ast-site-content-layout":"","site-content-style":"default","site-sidebar-style":"default","ast-global-header-display":"","ast-banner-title-visibility":"","ast-main-header-display":"","ast-hfb-above-header-display":"","ast-hfb-below-header-display":"","ast-hfb-mobile-header-display":"","site-post-title":"","ast-breadcrumbs-content":"","ast-featured-img":"","footer-sml-layout":"","theme-transparent-header-meta":"default","adv-header-id-meta":"","stick-header-meta":"","header-above-stick-meta":"","header-main-stick-meta":"","header-below-stick-meta":"","astra-migrate-meta-layouts":"default","ast-page-background-enabled":"default","ast-page-background-meta":{"desktop":{"background-color":"var(--ast-global-color-4)","background-image":"","background-repeat":"repeat","background-position":"center center","background-size":"auto","background-attachment":"scroll","background-type":"","background-media":"","overlay-type":"","overlay-color":"","overlay-opacity":"","overlay-gradient":""},"tablet":{"background-color":"","background-image":"","background-repeat":"repeat","background-position":"center center","background-size":"auto","background-attachment":"scroll","background-type":"","background-media":"","overlay-type":"","overlay-color":"","overlay-opacity":"","overlay-gradient":""},"mobile":{"background-color":"","background-image":"","background-repeat":"repeat","background-position":"center center","background-size":"auto","background-attachment":"scroll","background-type":"","background-media":"","overlay-type":"","overlay-color":"","overlay-opacity":"","overlay-gradient":""}},"ast-content-background-meta":{"desktop":{"background-color":"var(--ast-global-color-5)","background-image":"","background-repeat":"repeat","background-position":"center center","background-size":"auto","background-attachment":"scroll","background-type":"","background-media":"","overlay-type":"","overlay-color":"","overlay-opacity":"","overlay-gradient":""},"tablet":{"background-color":"var(--ast-global-color-5)","background-image":"","background-repeat":"repeat","background-position":"center center","background-size":"auto","background-attachment":"scroll","background-type":"","background-media":"","overlay-type":"","overlay-color":"","overlay-opacity":"","overlay-gradient":""},"mobile":{"background-color":"var(--ast-global-color-5)","background-image":"","background-repeat":"repeat","background-position":"center center","background-size":"auto","background-attachment":"scroll","background-type":"","background-media":"","overlay-type":"","overlay-color":"","overlay-opacity":"","overlay-gradient":""}},"_joinchat":[]},"product_brand":[],"product_cat":[31],"product_tag":[],"class_list":{"0":"post-314","1":"product","2":"type-product","3":"status-publish","4":"has-post-thumbnail","6":"product_cat-refrigeracao","7":"desktop-align-left","8":"tablet-align-left","9":"mobile-align-left","11":"first","12":"instock","13":"shipping-taxable","14":"product-type-external"},"_links":{"self":[{"href":"https:\/\/duecozinhas.com.br\/site\/wp-json\/wp\/v2\/product\/314","targetHints":{"allow":["GET"]}}],"collection":[{"href":"https:\/\/duecozinhas.com.br\/site\/wp-json\/wp\/v2\/product"}],"about":[{"href":"https:\/\/duecozinhas.com.br\/site\/wp-json\/wp\/v2\/types\/product"}],"replies":[{"embeddable":true,"href":"https:\/\/duecozinhas.com.br\/site\/wp-json\/wp\/v2\/comments?post=314"}],"wp:featuredmedia":[{"embeddable":true,"href":"https:\/\/duecozinhas.com.br\/site\/wp-json\/wp\/v2\/media\/315"}],"wp:attachment":[{"href":"https:\/\/duecozinhas.com.br\/site\/wp-json\/wp\/v2\/media?parent=314"}],"wp:term":[{"taxonomy":"product_brand","embeddable":true,"href":"https:\/\/duecozinhas.com.br\/site\/wp-json\/wp\/v2\/product_brand?post=314"},{"taxonomy":"product_cat","embeddable":true,"href":"https:\/\/duecozinhas.com.br\/site\/wp-json\/wp\/v2\/product_cat?post=314"},{"taxonomy":"product_tag","embeddable":true,"href":"https:\/\/duecozinhas.com.br\/site\/wp-json\/wp\/v2\/product_tag?post=314"}],"curies":[{"name":"wp","href":"https:\/\/api.w.org\/{rel}","templated":true}]}}